{"id":127,"date":"2022-11-09T11:33:49","date_gmt":"2022-11-09T11:33:49","guid":{"rendered":"https:\/\/san-esport.com\/?post_type=product&#038;p=127"},"modified":"2022-12-26T11:49:32","modified_gmt":"2022-12-26T11:49:32","slug":"san-esport-maillot-2022-2023","status":"publish","type":"product","link":"https:\/\/san-esport.com\/index.php\/product\/san-esport-maillot-2022-2023\/","title":{"rendered":"Maillot 2022-2023"},"content":{"rendered":"<h1><em><strong>Lors de l\u2019achat, dans notes de commande n\u2019h\u00e9sitez pas \u00e0 demander votre flocage en pr\u00e9cisant pseudo et num\u00e9ro (pas de surco\u00fbt ! ) \ud83d\ude09<\/strong><\/em><\/h1>\n<p>Tissu l\u00e9ger 130g<\/p>\n<p>Le maillot est fait \u00e0 base de d\u00e9chets plastiques collect\u00e9s et recycl\u00e9s en Espagne.<\/p>\n<p>Notre \u00e9quipementier Nolt s&#8217;est donn\u00e9 pour mission de rendre accessible \u00e0 tous les \u00e9quipements sportifs \u00e9co-con\u00e7us et respectueux de l&#8217;environnement.<\/p>\n<p><strong>Les maillots seront disponibles en pr\u00e9-vente jusqu&#8217;au 8 d\u00e9cembre.<\/strong><\/p>\n<p>N&#8217;h\u00e9sitez pas \u00e0 allez voir leur site internet pour plus d&#8217;informations : https:\/\/wearenolt.com\/<\/p>\n<section class=\"elementor-section elementor-top-section elementor-element elementor-element-6ee4c42 elementor-section-boxed elementor-section-height-default elementor-section-height-default\" data-id=\"6ee4c42\" data-element_type=\"section\" data-settings=\"{&quot;background_background&quot;:&quot;classic&quot;}\">\n<div class=\"elementor-container elementor-column-gap-no\">\n<div class=\"elementor-row\">\n<div class=\"aux-parallax-section elementor-column elementor-col-25 elementor-top-column elementor-element elementor-element-37b2474\" data-id=\"37b2474\" data-element_type=\"column\">\n<div class=\"elementor-column-wrap elementor-element-populated\">\n<div class=\"elementor-widget-wrap\">\n<div class=\"elementor-element elementor-element-b679398 aux-appear-watch-animation aux-fade-in-right-1 elementor-widget elementor-widget-heading\" data-id=\"b679398\" data-element_type=\"widget\" data-widget_type=\"heading.default\">\n<div class=\"elementor-widget-container\"><\/div>\n<\/div>\n<\/div>\n<\/div>\n<\/div>\n<\/div>\n<\/div>\n<\/section>\n<p>&nbsp;<\/p>\n","protected":false},"excerpt":{"rendered":"<p>Lors de l\u2019achat, dans notes de commande n\u2019h\u00e9sitez pas \u00e0 demander votre flocage en pr\u00e9cisant pseudo et num\u00e9ro (pas de surco\u00fbt ! ) \ud83d\ude09 Tissu l\u00e9ger 130g Le maillot est fait \u00e0 base de d\u00e9chets plastiques collect\u00e9s et recycl\u00e9s en Espagne. Notre \u00e9quipementier Nolt s&#8217;est donn\u00e9 pour mission de rendre accessible \u00e0 tous les \u00e9quipements [&hellip;]<\/p>\n","protected":false},"featured_media":623,"template":"","meta":[],"product_cat":[15],"product_tag":[],"_links":{"self":[{"href":"https:\/\/san-esport.com\/index.php\/wp-json\/wp\/v2\/product\/127"}],"collection":[{"href":"https:\/\/san-esport.com\/index.php\/wp-json\/wp\/v2\/product"}],"about":[{"href":"https:\/\/san-esport.com\/index.php\/wp-json\/wp\/v2\/types\/product"}],"wp:featuredmedia":[{"embeddable":true,"href":"https:\/\/san-esport.com\/index.php\/wp-json\/wp\/v2\/media\/623"}],"wp:attachment":[{"href":"https:\/\/san-esport.com\/index.php\/wp-json\/wp\/v2\/media?parent=127"}],"wp:term":[{"taxonomy":"product_cat","embeddable":true,"href":"https:\/\/san-esport.com\/index.php\/wp-json\/wp\/v2\/product_cat?post=127"},{"taxonomy":"product_tag","embeddable":true,"href":"https:\/\/san-esport.com\/index.php\/wp-json\/wp\/v2\/product_tag?post=127"}],"curies":[{"name":"wp","href":"https:\/\/api.w.org\/{rel}","templated":true}]}}